{"id":51,"date":"2025-05-09T16:23:40","date_gmt":"2025-05-09T14:23:40","guid":{"rendered":"https:\/\/jeanphilippeguigou.com\/?page_id=51"},"modified":"2026-03-20T19:05:04","modified_gmt":"2026-03-20T18:05:04","slug":"accueil","status":"publish","type":"page","link":"https:\/\/jeanphilippeguigou.com\/","title":{"rendered":"Accueil"},"content":{"rendered":"\n<div class=\"wp-block-uagb-container uagb-block-404107a6 alignfull uagb-is-root-container\"><div class=\"uagb-container-inner-blocks-wrap\">\n<h2 class=\"wp-block-heading has-text-align-center\">Sept petits films qui parlent de musique<\/h2>\n\n\n<div class=\"wp-block-image\">\n<figure class=\"aligncenter size-full\"><a href=\"https:\/\/jeanphilippeguigou.com\/?page_id=196\"><img loading=\"lazy\" decoding=\"async\" width=\"1000\" height=\"450\" src=\"https:\/\/jeanphilippeguigou.com\/wp-content\/uploads\/2025\/11\/Accueil-Septpetirtsfilms-Musique.jpg\" alt=\"\" class=\"wp-image-1466\" srcset=\"https:\/\/jeanphilippeguigou.com\/wp-content\/uploads\/2025\/11\/Accueil-Septpetirtsfilms-Musique.jpg 1000w, https:\/\/jeanphilippeguigou.com\/wp-content\/uploads\/2025\/11\/Accueil-Septpetirtsfilms-Musique-300x135.jpg 300w, https:\/\/jeanphilippeguigou.com\/wp-content\/uploads\/2025\/11\/Accueil-Septpetirtsfilms-Musique-768x346.jpg 768w\" sizes=\"auto, (max-width: 1000px) 100vw, 1000px\" \/><\/a><\/figure><\/div>\n\n\n<p>Le livre <em>Sept petits films qui parlent de musique et qui n&rsquo;en font qu&rsquo;un<\/em>, \u00e9tait initialement con\u00e7u pour \u00eatre le sc\u00e9nario d&rsquo;un film d&rsquo;Andrzej Zulawski en sept parties enti\u00e8rement consacr\u00e9 \u00e0 la musique. Il me demanda de nombreuses illustrations afin de donner une id\u00e9e de la mise en sc\u00e8ne de ces sept histoires et pour pr\u00e9senter l&rsquo;aspect visuel qu&rsquo;aurait le film. Une fois ces dessins r\u00e9alis\u00e9s, le projet se transforma en un livre qui fut publi\u00e9 \u00e0 la fois en France et en Italie.<\/p>\n\n\n\n<div class=\"wp-block-uagb-buttons uagb-buttons__outer-wrap uagb-btn__default-btn uagb-btn-tablet__default-btn uagb-btn-mobile__default-btn uagb-block-9ff6e332\"><div class=\"uagb-buttons__wrap uagb-buttons-layout-wrap \">\n<div class=\"wp-block-uagb-buttons-child uagb-buttons__outer-wrap uagb-block-6e9eed6b wp-block-button\"><div class=\"uagb-button__wrapper\"><a class=\"uagb-buttons-repeater wp-block-button__link\" aria-label=\"\" href=\"https:\/\/jeanphilippeguigou.com\/?page_id=196\" rel=\"follow noopener\" target=\"_self\" role=\"button\"><div class=\"uagb-button__link\">Voir la suite<\/div><\/a><\/div><\/div>\n<\/div><\/div>\n<\/div><\/div>\n\n\n\n<div style=\"height:40px\" aria-hidden=\"true\" class=\"wp-block-spacer\"><\/div>\n\n\n\n<div class=\"wp-block-uagb-container uagb-block-1fa7455f alignfull uagb-is-root-container\"><div class=\"uagb-container-inner-blocks-wrap\">\n<h2 class=\"wp-block-heading has-text-align-center\">Peintures pour Andrzej Zulawski<\/h2>\n\n\n<div class=\"wp-block-image\">\n<figure class=\"aligncenter size-full\"><a href=\"https:\/\/jeanphilippeguigou.com\/?page_id=464\"><img loading=\"lazy\" decoding=\"async\" width=\"1000\" height=\"450\" src=\"https:\/\/jeanphilippeguigou.com\/wp-content\/uploads\/2025\/05\/Accueil-Zulawski1-1.jpg\" alt=\"Travaux de Jean-Philippe Guigou pour Andrzej Zulawski : La femme publique, Szamanka, Possession, Jonas, L'amour braque\" class=\"wp-image-39\" srcset=\"https:\/\/jeanphilippeguigou.com\/wp-content\/uploads\/2025\/05\/Accueil-Zulawski1-1.jpg 1000w, https:\/\/jeanphilippeguigou.com\/wp-content\/uploads\/2025\/05\/Accueil-Zulawski1-1-300x135.jpg 300w, https:\/\/jeanphilippeguigou.com\/wp-content\/uploads\/2025\/05\/Accueil-Zulawski1-1-768x346.jpg 768w\" sizes=\"auto, (max-width: 1000px) 100vw, 1000px\" \/><\/a><\/figure><\/div>\n\n\n<p>Notre premi\u00e8re rencontre eut lieu \u00e0 Paris peu apr\u00e8s la sortie de son film <em>Possession<\/em>. C&rsquo;est une exposition de peintures d\u00e9di\u00e9es \u00e0 Andrzej Zulawski qui marqua le d\u00e9but d&rsquo;une longue collaboration avec le r\u00e9alisateur et \u00e9crivain polonais et d&rsquo;une s\u00e9rie de travaux comprenant de nombreuses peintures destin\u00e9es \u00e0 illustrer les affiches am\u00e9ricaines de ses films, ses \u00e9ditions DVD, ou ses livres. La plus grande partie de ces travaux a \u00e9t\u00e9 publi\u00e9e aux Etats-Unis aux \u00e9ditions Mondo Vision.<\/p>\n\n\n\n<div class=\"wp-block-uagb-buttons uagb-buttons__outer-wrap uagb-btn__default-btn uagb-btn-tablet__default-btn uagb-btn-mobile__default-btn uagb-block-34fdd219\"><div class=\"uagb-buttons__wrap uagb-buttons-layout-wrap \">\n<div class=\"wp-block-uagb-buttons-child uagb-buttons__outer-wrap uagb-block-bf65cc16 wp-block-button\"><div class=\"uagb-button__wrapper\"><a class=\"uagb-buttons-repeater wp-block-button__link\" aria-label=\"\" href=\"https:\/\/jeanphilippeguigou.com\/?page_id=464\" rel=\"follow noopener\" target=\"_self\" role=\"button\"><div class=\"uagb-button__link\">Voir la suite<\/div><\/a><\/div><\/div>\n<\/div><\/div>\n<\/div><\/div>\n\n\n\n<div style=\"height:40px\" aria-hidden=\"true\" class=\"wp-block-spacer\"><\/div>\n\n\n\n<div class=\"wp-block-uagb-container uagb-block-17c99624 alignfull uagb-is-root-container\"><div class=\"uagb-container-inner-blocks-wrap\">\n<h2 class=\"wp-block-heading has-text-align-center\">Cin\u00e9ma<\/h2>\n\n\n<div class=\"wp-block-image\">\n<figure class=\"aligncenter size-full\"><a href=\"https:\/\/jeanphilippeguigou.com\/?page_id=920\"><img loading=\"lazy\" decoding=\"async\" width=\"1000\" height=\"450\" src=\"https:\/\/jeanphilippeguigou.com\/wp-content\/uploads\/2025\/05\/Jean-Philippe_Guigou_et_Andrzej_Zulawski4.jpg\" alt=\"Les films de Jean-Philippe Guigou et l'aventure Filigranowa\" class=\"wp-image-968\" srcset=\"https:\/\/jeanphilippeguigou.com\/wp-content\/uploads\/2025\/05\/Jean-Philippe_Guigou_et_Andrzej_Zulawski4.jpg 1000w, https:\/\/jeanphilippeguigou.com\/wp-content\/uploads\/2025\/05\/Jean-Philippe_Guigou_et_Andrzej_Zulawski4-300x135.jpg 300w, https:\/\/jeanphilippeguigou.com\/wp-content\/uploads\/2025\/05\/Jean-Philippe_Guigou_et_Andrzej_Zulawski4-768x346.jpg 768w\" sizes=\"auto, (max-width: 1000px) 100vw, 1000px\" \/><\/a><\/figure><\/div>\n\n\n<p>L&rsquo;\u00e9criture des sc\u00e9narii de deux films aux c\u00f4t\u00e9s de grands cin\u00e9astes a donn\u00e9 naissance \u00e0 deux long-m\u00e9trages documentaires : le premier tourn\u00e9 \u00e0 Varsovie avec Andrzej Zulawski, le second tourn\u00e9 \u00e0 Rome aux c\u00f4t\u00e9s de Luigi Cozzi. Les DVD des deux films ont \u00e9t\u00e9 publi\u00e9s aux \u00e9ditions L&rsquo;Harmattan. De son c\u00f4t\u00e9, l&rsquo;aventure <em>Filigranowa <\/em>permit de distribuer plus de 45 films en provenance de tous les pays du monde. La programmation du Festival du Film de Montagne de Patrimoine de Belley en est aujourd&rsquo;hui la suite logique.<\/p>\n\n\n\n<div class=\"wp-block-uagb-buttons uagb-buttons__outer-wrap uagb-btn__default-btn uagb-btn-tablet__default-btn uagb-btn-mobile__default-btn uagb-block-50d68f60\"><div class=\"uagb-buttons__wrap uagb-buttons-layout-wrap \">\n<div class=\"wp-block-uagb-buttons-child uagb-buttons__outer-wrap uagb-block-df6fe9c7 wp-block-button\"><div class=\"uagb-button__wrapper\"><a class=\"uagb-buttons-repeater wp-block-button__link\" aria-label=\"\" href=\"https:\/\/jeanphilippeguigou.com\/?page_id=920\" rel=\"follow noopener\" target=\"_self\" role=\"button\"><div class=\"uagb-button__link\">Voir la suite<\/div><\/a><\/div><\/div>\n<\/div><\/div>\n<\/div><\/div>\n\n\n\n<div style=\"height:40px\" aria-hidden=\"true\" class=\"wp-block-spacer\"><\/div>\n\n\n\n<div class=\"wp-block-uagb-container uagb-block-427ce3ef alignfull uagb-is-root-container\"><div class=\"uagb-container-inner-blocks-wrap\">\n<h2 class=\"wp-block-heading has-text-align-center\">Livres<\/h2>\n\n\n<div class=\"wp-block-image\">\n<figure class=\"aligncenter size-full\"><a href=\"https:\/\/jeanphilippeguigou.com\/?page_id=244\"><img loading=\"lazy\" decoding=\"async\" width=\"1000\" height=\"450\" src=\"https:\/\/jeanphilippeguigou.com\/wp-content\/uploads\/2025\/05\/Accueil-Livres-et-cinema.jpg\" alt=\"Les livres de Jean-Philippe Guigou\" class=\"wp-image-41\" srcset=\"https:\/\/jeanphilippeguigou.com\/wp-content\/uploads\/2025\/05\/Accueil-Livres-et-cinema.jpg 1000w, https:\/\/jeanphilippeguigou.com\/wp-content\/uploads\/2025\/05\/Accueil-Livres-et-cinema-300x135.jpg 300w, https:\/\/jeanphilippeguigou.com\/wp-content\/uploads\/2025\/05\/Accueil-Livres-et-cinema-768x346.jpg 768w\" sizes=\"auto, (max-width: 1000px) 100vw, 1000px\" \/><\/a><\/figure><\/div>\n\n\n<p>Les livres <em>Les cin\u00e9astes de l&rsquo;impossible <\/em>et <em>45 secondes qui ont chang\u00e9 le cin\u00e9ma italien<\/em> ont \u00e9t\u00e9 publi\u00e9s en France puis en Italie aux \u00e9ditions Profondo Rosso sous les titres <em>Il cinema di montagna, i registi dell&rsquo;impossibile <\/em>et <em>La Milano da bere, 45 secondi che hanno cambiato il cinema italiano<\/em>. Le livre <em>Cozzilla, il mondo di Luigi Cozzi <\/em>est en revanche un ouvrage collectif sur le grand cin\u00e9aste italien qui a \u00e9t\u00e9 publi\u00e9 exclusivement en Italie aux \u00e9ditions Profondo Rosso.<\/p>\n\n\n\n<div class=\"wp-block-uagb-buttons uagb-buttons__outer-wrap uagb-btn__default-btn uagb-btn-tablet__default-btn uagb-btn-mobile__default-btn uagb-block-97373acb\"><div class=\"uagb-buttons__wrap uagb-buttons-layout-wrap \">\n<div class=\"wp-block-uagb-buttons-child uagb-buttons__outer-wrap uagb-block-e45fd0c9 wp-block-button\"><div class=\"uagb-button__wrapper\"><a class=\"uagb-buttons-repeater wp-block-button__link\" aria-label=\"\" href=\"https:\/\/jeanphilippeguigou.com\/?page_id=244\" rel=\"follow noopener\" target=\"_self\" role=\"button\"><div class=\"uagb-button__link\">Voir la suite<\/div><\/a><\/div><\/div>\n<\/div><\/div>\n<\/div><\/div>\n","protected":false},"excerpt":{"rendered":"<p>Sept petits films qui parlent de musique Le livre Sept petits films qui parlent de musique et qui n&rsquo;en font qu&rsquo;un, \u00e9tait initialement con\u00e7u pour \u00eatre le sc\u00e9nario d&rsquo;un film d&rsquo;Andrzej Zulawski en sept parties enti\u00e8rement consacr\u00e9 \u00e0 la musique. Il me demanda de nombreuses illustrations afin de donner une id\u00e9e de la mise en sc\u00e8ne de ces sept histoires et pour pr\u00e9senter l&rsquo;aspect visuel qu&rsquo;aurait le film. Une fois ces dessins r\u00e9alis\u00e9s, le projet se transforma en un livre qui fut publi\u00e9 \u00e0 la fois en France et en Italie. Peintures pour Andrzej Zulawski Notre premi\u00e8re rencontre eut lieu \u00e0 Paris peu apr\u00e8s la sortie de son film Possession. C&rsquo;est une exposition de peintures d\u00e9di\u00e9es \u00e0 Andrzej Zulawski qui marqua le d\u00e9but d&rsquo;une longue collaboration avec le r\u00e9alisateur et \u00e9crivain polonais et d&rsquo;une s\u00e9rie de travaux comprenant de nombreuses peintures destin\u00e9es \u00e0 illustrer les affiches am\u00e9ricaines de ses films, ses \u00e9ditions DVD, ou ses livres. La plus grande partie de ces travaux a \u00e9t\u00e9 publi\u00e9e aux Etats-Unis aux \u00e9ditions Mondo Vision. Cin\u00e9ma L&rsquo;\u00e9criture des sc\u00e9narii de deux films aux c\u00f4t\u00e9s de grands cin\u00e9astes a donn\u00e9 naissance \u00e0 deux long-m\u00e9trages documentaires : le premier tourn\u00e9 \u00e0 Varsovie avec Andrzej Zulawski, le second tourn\u00e9 \u00e0 Rome aux c\u00f4t\u00e9s de Luigi Cozzi. Les DVD des deux films ont \u00e9t\u00e9 publi\u00e9s aux \u00e9ditions L&rsquo;Harmattan. De son c\u00f4t\u00e9, l&rsquo;aventure Filigranowa permit de distribuer plus de 45 films en provenance de tous les pays du monde. La programmation du Festival du Film de Montagne de Patrimoine de Belley en est aujourd&rsquo;hui la suite logique. Livres Les livres Les cin\u00e9astes de l&rsquo;impossible et 45 secondes qui ont chang\u00e9 le cin\u00e9ma italien ont \u00e9t\u00e9 publi\u00e9s en France puis en Italie aux \u00e9ditions Profondo Rosso sous les titres Il cinema di montagna, i registi dell&rsquo;impossibile et La Milano da bere, 45 secondi che hanno cambiato il cinema italiano. Le livre Cozzilla, il mondo di Luigi Cozzi est en revanche un ouvrage collectif sur le grand cin\u00e9aste italien qui a \u00e9t\u00e9 publi\u00e9 exclusivement en Italie aux \u00e9ditions Profondo Rosso.<\/p>\n","protected":false},"author":1,"featured_media":0,"parent":0,"menu_order":0,"comment_status":"closed","ping_status":"closed","template":"","meta":{"_uag_custom_page_level_css":"","footnotes":""},"class_list":["post-51","page","type-page","status-publish","hentry"],"uagb_featured_image_src":{"full":false,"thumbnail":false,"medium":false,"medium_large":false,"large":false,"1536x1536":false,"2048x2048":false,"ashe-slider-full-thumbnail":false,"ashe-full-thumbnail":false,"ashe-list-thumbnail":false,"ashe-grid-thumbnail":false,"ashe-single-navigation":false},"uagb_author_info":{"display_name":"Exp0Guig0U","author_link":"https:\/\/jeanphilippeguigou.com\/?author=1"},"uagb_comment_info":0,"uagb_excerpt":"Sept petits films qui parlent de musique Le livre Sept petits films qui parlent de musique et qui n&rsquo;en font qu&rsquo;un, \u00e9tait initialement con\u00e7u pour \u00eatre le sc\u00e9nario d&rsquo;un film d&rsquo;Andrzej Zulawski en sept parties enti\u00e8rement consacr\u00e9 \u00e0 la musique. Il me demanda de nombreuses illustrations afin de donner une id\u00e9e de la mise en\u2026","_links":{"self":[{"href":"https:\/\/jeanphilippeguigou.com\/index.php?rest_route=\/wp\/v2\/pages\/51","targetHints":{"allow":["GET"]}}],"collection":[{"href":"https:\/\/jeanphilippeguigou.com\/index.php?rest_route=\/wp\/v2\/pages"}],"about":[{"href":"https:\/\/jeanphilippeguigou.com\/index.php?rest_route=\/wp\/v2\/types\/page"}],"author":[{"embeddable":true,"href":"https:\/\/jeanphilippeguigou.com\/index.php?rest_route=\/wp\/v2\/users\/1"}],"replies":[{"embeddable":true,"href":"https:\/\/jeanphilippeguigou.com\/index.php?rest_route=%2Fwp%2Fv2%2Fcomments&post=51"}],"version-history":[{"count":180,"href":"https:\/\/jeanphilippeguigou.com\/index.php?rest_route=\/wp\/v2\/pages\/51\/revisions"}],"predecessor-version":[{"id":1511,"href":"https:\/\/jeanphilippeguigou.com\/index.php?rest_route=\/wp\/v2\/pages\/51\/revisions\/1511"}],"wp:attachment":[{"href":"https:\/\/jeanphilippeguigou.com\/index.php?rest_route=%2Fwp%2Fv2%2Fmedia&parent=51"}],"curies":[{"name":"wp","href":"https:\/\/api.w.org\/{rel}","templated":true}]}}