{"id":244,"date":"2025-05-10T12:06:44","date_gmt":"2025-05-10T10:06:44","guid":{"rendered":"https:\/\/jeanphilippeguigou.com\/?page_id=244"},"modified":"2025-11-11T16:59:26","modified_gmt":"2025-11-11T15:59:26","slug":"livres-et-films","status":"publish","type":"page","link":"https:\/\/jeanphilippeguigou.com\/?page_id=244","title":{"rendered":"Livres"},"content":{"rendered":"\n<div class=\"wp-block-uagb-container uagb-block-c6179ca8 alignfull uagb-is-root-container\"><div class=\"uagb-container-inner-blocks-wrap\">\n<h2 class=\"wp-block-heading has-text-align-center\">Les Cin\u00e9astes de l&rsquo;Impossible<\/h2>\n\n\n<div class=\"wp-block-image\">\n<figure class=\"aligncenter size-full\"><img loading=\"lazy\" decoding=\"async\" width=\"683\" height=\"1000\" src=\"https:\/\/jeanphilippeguigou.com\/wp-content\/uploads\/2025\/05\/lescineastesdelimpossible.jpg\" alt=\"Livre Les cin\u00e9astes de l'impossible de Jean-Philippe Guigou\" class=\"wp-image-252\" srcset=\"https:\/\/jeanphilippeguigou.com\/wp-content\/uploads\/2025\/05\/lescineastesdelimpossible.jpg 683w, https:\/\/jeanphilippeguigou.com\/wp-content\/uploads\/2025\/05\/lescineastesdelimpossible-205x300.jpg 205w\" sizes=\"auto, (max-width: 683px) 100vw, 683px\" \/><\/figure><\/div>\n\n\n<p class=\"has-text-align-center\"><strong>LES CIN\u00c9ASTES DE L&rsquo;IMPOSSIBLE de Jean-Philippe Guigou<br><em>Livre publi\u00e9 en France aux \u00e9ditions Filigranowa<\/em><\/strong><\/p>\n\n\n\n<p><em>Synopsis :<\/em> Certains cin\u00e9astes n&rsquo;h\u00e9sitent pas \u00e0 affronter tous les risques pour donner vie \u00e0 leurs films. Le cin\u00e9ma de montagne est sans doute le genre le plus expos\u00e9 aux dangers de toutes sortes. Lorsque des r\u00e9alisateurs partent en tr\u00e8s haute altitude, parfois au-dessus de 8000 m\u00e8tres, ou sur des parois vertigineuses, dans des conditions qui rel\u00e8vent de l&rsquo;exploit, le tournage et le sujet du film tendent \u00e0 se confondre. Gr\u00e2ce \u00e0 deux films fondateurs tourn\u00e9s dans des conditions extr\u00eames, Werner Herzog a ouvert la voie \u00e0 une nouvelle g\u00e9n\u00e9ration de cin\u00e9astes hors normes qui dominent aujourd&rsquo;hui le panorama mondial du cin\u00e9ma de montagne comme Fulvio Mariani, Gerhard Baur ou Jerzy Porebski. Les r\u00e9alisateurs anglo-saxons, forts d&rsquo;une tradition tr\u00e8s ancr\u00e9e de tournages \u00e0 haut risque, ont \u00e9galement donn\u00e9 naissance \u00e0 des films \u00e0 couper le souffle. Mais les dangers li\u00e9s aux tournages de films peuvent aussi \u00eatre amplifi\u00e9s par d&rsquo;autres ph\u00e9nom\u00e8nes tels que la guerre ou l&rsquo;intervention de r\u00e9gimes autoritaires, comme celui qui condamna \u00e0 deux reprises Andrzej Zulawski \u00e0 l&rsquo;exil \u00e0 cause des films qu&rsquo;il tournait. Les difficult\u00e9s qu&rsquo;ils ont d\u00fb affronter, parfois au p\u00e9ril de leur vie, conf\u00e8rent \u00e0 l&rsquo;exp\u00e9rience cin\u00e9matographique une dimension unique. Ce sont les cin\u00e9astes de l&rsquo;impossible.<\/p>\n\n\n\n<p><a href=\"https:\/\/jeanphilippeguigou.com\/wp-content\/uploads\/2025\/11\/Montagne_et_alpinisme_Les_Cineastes_de_l_impossible.pdf\">Critique parue dans la revue <em>La Montagne et Alpinisme<\/em><\/a><\/p>\n\n\n\n<p><a href=\"https:\/\/jeanphilippeguigou.com\/wp-content\/uploads\/2025\/11\/Altitude_juin2021.pdf\">Critique parue dans le site <em>Altitude<\/em><\/a><\/p>\n<\/div><\/div>\n\n\n\n<div style=\"height:40px\" aria-hidden=\"true\" class=\"wp-block-spacer\"><\/div>\n\n\n\n<div class=\"wp-block-uagb-container uagb-block-c7006633 alignwide uagb-is-root-container\">\n<h2 class=\"wp-block-heading has-text-align-center\">Il cinema di montagna &#8211; I registi dell&rsquo;impossibile<\/h2>\n\n\n<div class=\"wp-block-image\">\n<figure class=\"aligncenter size-full\"><img loading=\"lazy\" decoding=\"async\" width=\"706\" height=\"1000\" src=\"https:\/\/jeanphilippeguigou.com\/wp-content\/uploads\/2025\/05\/lescineastesdelimpossible_IT.jpg\" alt=\"Livre Il cinema di montagna de Jean-Philippe Guigou\" class=\"wp-image-255\" srcset=\"https:\/\/jeanphilippeguigou.com\/wp-content\/uploads\/2025\/05\/lescineastesdelimpossible_IT.jpg 706w, https:\/\/jeanphilippeguigou.com\/wp-content\/uploads\/2025\/05\/lescineastesdelimpossible_IT-212x300.jpg 212w\" sizes=\"auto, (max-width: 706px) 100vw, 706px\" \/><\/figure><\/div>\n\n\n<p class=\"has-text-align-center\"><strong>IL CINEMA DI MONTAGNA &#8211; I REGISTI DELL&rsquo;IMPOSSIBILE de Jean-Philippe Guigou<br><em>Livre publi\u00e9 en Italie aux \u00e9ditions Profondo rosso<\/em><\/strong><\/p>\n\n\n\n<p><em>Sinossi: <\/em>Esiste une nuova generazione di registi e operatori del cinema di montagna che non esitano a correre qualunque richio pur di dar vita ai loro film e il cinema di montagna \u00e8 indiscutibilmente il genere maggiormente esposto a pericoli di ogni tipo. Quando registi e operatori di questo tipo di film si recano in alta montagna, spesso al di sopra degli 8000 metri, oppure si arrampicano lungo vertiginose pareti verticali di roccia, si ritrovano infatti ad effettuare le riprese in condizioni estreme e pericolosissime. Dopo alcune opere fondamentali di Werner Herzog, si \u00e8 sviluppata un&rsquo;intera generazione di cineasti che hanno portato il cinema di montagna ben oltre i limiti concosciuti in precedenza come Fulvio Mariani, Gerhard Baur, Jerzy Porebski e numerosi altri, anglosassoni o di varie nazionalit\u00e0. Il rischio e il pericolo costituiscono l&rsquo;essenza dei film girati in alta montagna da tutti questi nuovi autori, che si sono spinti spesso a scalare le vette pi\u00f9 remote e sperdute, a volte situate persino in zone di guerra o dominate da rigidi regimi autoritari. E&rsquo; proprio per questa loro caratteristica che tali nuovi autori sono stati definiti \u00ab\u00a0i registi dell&rsquo;impossibile\u00a0\u00bb.<\/p>\n\n\n\n<p><a href=\"https:\/\/jeanphilippeguigou.com\/wp-content\/uploads\/2025\/11\/cinemonitor.pdf\">Interview parue dans<em> Cinemonitor<\/em><\/a><\/p>\n\n\n\n<p><a href=\"https:\/\/jeanphilippeguigou.com\/wp-content\/uploads\/2025\/11\/ticinofilmcommission_juin2021.pdf\">Article de la <em>Ticino Film Commission<\/em><\/a><\/p>\n<\/div>\n\n\n\n<div style=\"height:40px\" aria-hidden=\"true\" class=\"wp-block-spacer\"><\/div>\n\n\n\n<div class=\"wp-block-uagb-container uagb-block-a6c44340 alignfull uagb-is-root-container\"><div class=\"uagb-container-inner-blocks-wrap\">\n<h2 class=\"wp-block-heading has-text-align-center\">45 secondes qui ont chang\u00e9 le cin\u00e9ma italien<\/h2>\n\n\n<div class=\"wp-block-image\">\n<figure class=\"aligncenter size-full\"><img loading=\"lazy\" decoding=\"async\" width=\"684\" height=\"1000\" src=\"https:\/\/jeanphilippeguigou.com\/wp-content\/uploads\/2025\/05\/45secondesquiontchangelecinemaitalien.jpg\" alt=\"Jean-Philippe Guigou - livre 45 secondes qui ont chang\u00e9 le cin\u00e9ma italien\" class=\"wp-image-245\" srcset=\"https:\/\/jeanphilippeguigou.com\/wp-content\/uploads\/2025\/05\/45secondesquiontchangelecinemaitalien.jpg 684w, https:\/\/jeanphilippeguigou.com\/wp-content\/uploads\/2025\/05\/45secondesquiontchangelecinemaitalien-205x300.jpg 205w\" sizes=\"auto, (max-width: 684px) 100vw, 684px\" \/><\/figure><\/div>\n\n\n<p class=\"has-text-align-center\"><strong>45 SECONDES QUI ONT CHANG\u00c9 LE CIN\u00c9MA ITALIEN de Jean-Philippe Guigou<br><em>Livre publi\u00e9 en France aux \u00e9ditions Filigranowa <\/em><\/strong><\/p>\n\n\n\n<p><em>Synopsis :<\/em> Au d\u00e9but des ann\u00e9es soixante-dix et pendant les \u00ab\u00a0ann\u00e9es de plomb\u00a0\u00bb, les tournages de films italiens, qui se d\u00e9roulaient habituellement \u00e0 Rome migrent vers Milan qui offre le d\u00e9cor inqui\u00e9tant d&rsquo;une cit\u00e9 industrielle tentaculaire noy\u00e9e dans un brouillard permanent. On y tourne alors des polars sombres, d&rsquo;une violence extr\u00eame. Mais au milieu des ann\u00e9es quatre-vingt, la m\u00e9tropole lombarde op\u00e8re une totale m\u00e9tamorphose. Une publicit\u00e9 pour une liqueur am\u00e8re parvient en 45 secondes \u00e0 incarner l&rsquo;euphorie qui s&#8217;empare alors de la ville soudain devenue la flamboyante capitale de l&rsquo;\u00e9l\u00e9gance, de la mode, de la finance, de l\u2019avant-garde th\u00e9\u00e2trale et musicale, des nouvelles technologies et de la t\u00e9l\u00e9vision. Le slogan de cette publicit\u00e9 est \u00ab\u00a0Milano da bere\u00a0\u00bb, Milan \u00e0 boire. Dans une incroyable volte-face, le cin\u00e9ma italien s&#8217;empare de cette nouvelle dynamique dans des films qui mettent en sc\u00e8ne top models, yuppies et paninari, les h\u00e9ros insouciants de cette \u00ab\u00a0dolce vita\u00a0\u00bb \u00e0 la milanaise. Ces films rencontrent un succ\u00e8s exceptionnel aupr\u00e8s du public italien et l&rsquo;euphorie de la \u00ab\u00a0Milano da bere\u00a0\u00bb se poursuit au d\u00e9but des ann\u00e9es quatre-vingt-dix jusqu&rsquo;au jour o\u00f9 \u00e9clate l&rsquo;op\u00e9ration \u00ab\u00a0Mains propres\u00a0\u00bb, cr\u00e9ant un s\u00e9isme qui va secouer l&rsquo;Italie toute enti\u00e8re\u2026<\/p>\n<\/div><\/div>\n\n\n\n<div style=\"height:40px\" aria-hidden=\"true\" class=\"wp-block-spacer\"><\/div>\n\n\n\n<div class=\"wp-block-uagb-container uagb-block-fa9bcac2 alignfull uagb-is-root-container\"><div class=\"uagb-container-inner-blocks-wrap\">\n<h2 class=\"wp-block-heading has-text-align-center\">La Milano da bere, 45 secondi che hanno cambiato                          il cinema italiano<\/h2>\n\n\n<div class=\"wp-block-image\">\n<figure class=\"aligncenter size-full\"><img loading=\"lazy\" decoding=\"async\" width=\"713\" height=\"1000\" src=\"https:\/\/jeanphilippeguigou.com\/wp-content\/uploads\/2025\/10\/45secondiche-hannocambiatoilcinema_IT.jpg\" alt=\"\" class=\"wp-image-1388\" srcset=\"https:\/\/jeanphilippeguigou.com\/wp-content\/uploads\/2025\/10\/45secondiche-hannocambiatoilcinema_IT.jpg 713w, https:\/\/jeanphilippeguigou.com\/wp-content\/uploads\/2025\/10\/45secondiche-hannocambiatoilcinema_IT-214x300.jpg 214w\" sizes=\"auto, (max-width: 713px) 100vw, 713px\" \/><\/figure><\/div>\n\n\n<p class=\"has-text-align-center\"><strong>LA MILANO DA BERE, 45 SECONDI CHE HANNO CAMBIATO IL CINEMA ITALIANO                                   de Jean-Philippe Guigou<br><em>Livre publi\u00e9 en Italie aux \u00e9ditions Profondo rosso<\/em><\/strong><\/p>\n\n\n\n<p><em>Sinossi:<\/em> A partire dall&rsquo;inizio degli anni Ottanta la citt\u00e0 di Milano, capitale della finanza e della moda in Italia, ha vissuto un decennio di particolare richezza e splendore. Si \u00e8 assistito allora all&rsquo;esplosione di una vera e propria \u00ab\u00a0dolce vita\u00a0\u00bb alla milanese da parte delle tante top model o aspiranti tali, degli yuppies rampanti e dei paninari scatenati, spigendo un famoso pubblicitario nel 1985 a ideare per l&rsquo;Amaro Ramazzotti lo spot televisivo \u00ab\u00a0Milano da bere\u00a0\u00bb. Diventato subito popolarissimo tra la gente, quello spot pubblicitario straordinariamente indovinato ha esercitato un enorme influsso anche sulla cinematografia popolare italiana che ha trasferito le ambientazioni di numerosi dei suoi film proprio a Milano, fino a che nel 1992 lo scandalo politico delle \u00ab\u00a0Mani Pulite\u00a0\u00bb ha posto fine a quella stagione clamarosa.<\/p>\n<\/div><\/div>\n\n\n\n<div style=\"height:40px\" aria-hidden=\"true\" class=\"wp-block-spacer\"><\/div>\n\n\n\n<div class=\"wp-block-uagb-container uagb-block-e522954c alignfull uagb-is-root-container\"><div class=\"uagb-container-inner-blocks-wrap\">\n<h2 class=\"wp-block-heading has-text-align-center\">Cozzilla, Il mondo di Luigi Cozzi<\/h2>\n\n\n<div class=\"wp-block-image\">\n<figure class=\"aligncenter size-full\"><img loading=\"lazy\" decoding=\"async\" width=\"704\" height=\"1000\" src=\"https:\/\/jeanphilippeguigou.com\/wp-content\/uploads\/2025\/05\/cozzilla-2.jpg\" alt=\"Cozzilla Luigi Cozzi\" class=\"wp-image-305\" srcset=\"https:\/\/jeanphilippeguigou.com\/wp-content\/uploads\/2025\/05\/cozzilla-2.jpg 704w, https:\/\/jeanphilippeguigou.com\/wp-content\/uploads\/2025\/05\/cozzilla-2-211x300.jpg 211w\" sizes=\"auto, (max-width: 704px) 100vw, 704px\" \/><\/figure><\/div>\n\n\n<p class=\"has-text-align-center\"><strong>COZZILLA, IL MONDO DI LUIGI COZZI                                                                                             <strong>participation <\/strong>\u00e0 l&rsquo;\u00e9criture de l&rsquo;ouvrage collectif <strong>sous la direction de Marco Chiani<\/strong><\/strong> <strong><br><em>Livre publi\u00e9 en Italie aux \u00e9ditions Profondo rosso<\/em><\/strong><\/p>\n\n\n\n<p>Participation aux c\u00f4t\u00e9s de Dario Argento, Caroline Munro, Lamberto Bava, Urbano Barberini, Antonio Tentori et bien d&rsquo;autres, \u00e0 l&rsquo;\u00e9criture de l&rsquo;ouvrage collectif de r\u00e9f\u00e9rence sur le cin\u00e9aste Luigi Cozzi sous la direction de Marco Chiani. Luigi Cozzi est le plus grand cin\u00e9aste italien de science-fiction. Son film <em>Starcrash, le choc des \u00e9toiles<\/em> est devenu un film culte dans le monde entier. Il a \u00e9galement tourn\u00e9 des films comme <em>Contamination, Hercule, Les aventures d&rsquo;Hercule, Paganini Horror, Le chat noir<\/em> qui ont ponctu\u00e9 une longue carri\u00e8re depuis son premier film, <em>Le Tunnel sous le monde<\/em>, un film exp\u00e9rimental, jusqu&rsquo;\u00e0 ses r\u00e9alisations les plus r\u00e9centes. Il a en effet r\u00e9cemment tourn\u00e9 plusieurs long-m\u00e9trages parmi lesquels on peut citer <em>Roma fantastica<\/em> (dont j&rsquo;ai \u00e9crit le sc\u00e9nario : <a href=\"https:\/\/jeanphilippeguigou.com\/?page_id=920\">voir la rubrique \u00ab\u00a0cin\u00e9ma\u00a0\u00bb<\/a>) mais aussi <em>Blood on M\u00e9li\u00e8s&rsquo; moon<\/em>, <em>I piccoli maghi di Oz<\/em> et <em>La battaglia di Roma<\/em>. Il est aussi l\u2019auteur de tr\u00e8s nombreux livres sur le cin\u00e9ma.<\/p>\n<\/div><\/div>\n\n\n\n<p><\/p>\n","protected":false},"excerpt":{"rendered":"<p>Les Cin\u00e9astes de l&rsquo;Impossible LES CIN\u00c9ASTES DE L&rsquo;IMPOSSIBLE de Jean-Philippe GuigouLivre publi\u00e9 en France aux \u00e9ditions Filigranowa Synopsis : Certains cin\u00e9astes n&rsquo;h\u00e9sitent pas \u00e0 affronter tous les risques pour donner vie \u00e0 leurs films. Le cin\u00e9ma de montagne est sans doute le genre le plus expos\u00e9 aux dangers de toutes sortes. Lorsque des r\u00e9alisateurs partent en tr\u00e8s haute altitude, parfois au-dessus de 8000 m\u00e8tres, ou sur des parois vertigineuses, dans des conditions qui rel\u00e8vent de l&rsquo;exploit, le tournage et le sujet du film tendent \u00e0 se confondre. Gr\u00e2ce \u00e0 deux films fondateurs tourn\u00e9s dans des conditions extr\u00eames, Werner Herzog a ouvert la voie \u00e0 une nouvelle g\u00e9n\u00e9ration de cin\u00e9astes hors normes qui dominent aujourd&rsquo;hui le panorama mondial du cin\u00e9ma de montagne comme Fulvio Mariani, Gerhard Baur ou Jerzy Porebski. Les r\u00e9alisateurs anglo-saxons, forts d&rsquo;une tradition tr\u00e8s ancr\u00e9e de tournages \u00e0 haut risque, ont \u00e9galement donn\u00e9 naissance \u00e0 des films \u00e0 couper le souffle. Mais les dangers li\u00e9s aux tournages de films peuvent aussi \u00eatre amplifi\u00e9s par d&rsquo;autres ph\u00e9nom\u00e8nes tels que la guerre ou l&rsquo;intervention de r\u00e9gimes autoritaires, comme celui qui condamna \u00e0 deux reprises Andrzej Zulawski \u00e0 l&rsquo;exil \u00e0 cause des films qu&rsquo;il tournait. Les difficult\u00e9s qu&rsquo;ils ont d\u00fb affronter, parfois au p\u00e9ril de leur vie, conf\u00e8rent \u00e0 l&rsquo;exp\u00e9rience cin\u00e9matographique une dimension unique. Ce sont les cin\u00e9astes de l&rsquo;impossible. Critique parue dans la revue La Montagne et Alpinisme Critique parue dans le site Altitude Il cinema di montagna &#8211; I registi dell&rsquo;impossibile IL CINEMA DI MONTAGNA &#8211; I REGISTI DELL&rsquo;IMPOSSIBILE de Jean-Philippe GuigouLivre publi\u00e9 en Italie aux \u00e9ditions Profondo rosso Sinossi: Esiste une nuova generazione di registi e operatori del cinema di montagna che non esitano a correre qualunque richio pur di dar vita ai loro film e il cinema di montagna \u00e8 indiscutibilmente il genere maggiormente esposto a pericoli di ogni tipo. Quando registi e operatori di questo tipo di film si recano in alta montagna, spesso al di sopra degli 8000 metri, oppure si arrampicano lungo vertiginose pareti verticali di roccia, si ritrovano infatti ad effettuare le riprese in condizioni estreme e pericolosissime. Dopo alcune opere fondamentali di Werner Herzog, si \u00e8 sviluppata un&rsquo;intera generazione di cineasti che hanno portato il cinema di montagna ben oltre i limiti concosciuti in precedenza come Fulvio Mariani, Gerhard Baur, Jerzy Porebski e numerosi altri, anglosassoni o di varie nazionalit\u00e0. Il rischio e il pericolo costituiscono l&rsquo;essenza dei film girati in alta montagna da tutti questi nuovi autori, che si sono spinti spesso a scalare le vette pi\u00f9 remote e sperdute, a volte situate persino in zone di guerra o dominate da rigidi regimi autoritari. E&rsquo; proprio per questa loro caratteristica che tali nuovi autori sono stati definiti \u00ab\u00a0i registi dell&rsquo;impossibile\u00a0\u00bb. Interview parue dans Cinemonitor Article de la Ticino Film Commission 45 secondes qui ont chang\u00e9 le cin\u00e9ma italien 45 SECONDES QUI ONT CHANG\u00c9 LE CIN\u00c9MA ITALIEN de Jean-Philippe GuigouLivre publi\u00e9 en France aux \u00e9ditions Filigranowa Synopsis : Au d\u00e9but des ann\u00e9es soixante-dix et pendant les \u00ab\u00a0ann\u00e9es de plomb\u00a0\u00bb, les tournages de films italiens, qui se d\u00e9roulaient habituellement \u00e0 Rome migrent vers Milan qui offre le d\u00e9cor inqui\u00e9tant d&rsquo;une cit\u00e9 industrielle tentaculaire noy\u00e9e dans un brouillard permanent. On y tourne alors des polars sombres, d&rsquo;une violence extr\u00eame. Mais au milieu des ann\u00e9es quatre-vingt, la m\u00e9tropole lombarde op\u00e8re une totale m\u00e9tamorphose. Une publicit\u00e9 pour une liqueur am\u00e8re parvient en 45 secondes \u00e0 incarner l&rsquo;euphorie qui s&#8217;empare alors de la ville soudain devenue la flamboyante capitale de l&rsquo;\u00e9l\u00e9gance, de la mode, de la finance, de l\u2019avant-garde th\u00e9\u00e2trale et musicale, des nouvelles technologies et de la t\u00e9l\u00e9vision. Le slogan de cette publicit\u00e9 est \u00ab\u00a0Milano da bere\u00a0\u00bb, Milan \u00e0 boire. Dans une incroyable volte-face, le cin\u00e9ma italien s&#8217;empare de cette nouvelle dynamique dans des films qui mettent en sc\u00e8ne top models, yuppies et paninari, les h\u00e9ros insouciants de cette \u00ab\u00a0dolce vita\u00a0\u00bb \u00e0 la milanaise. Ces films rencontrent un succ\u00e8s exceptionnel aupr\u00e8s du public italien et l&rsquo;euphorie de la \u00ab\u00a0Milano da bere\u00a0\u00bb se poursuit au d\u00e9but des ann\u00e9es quatre-vingt-dix jusqu&rsquo;au jour o\u00f9 \u00e9clate l&rsquo;op\u00e9ration \u00ab\u00a0Mains propres\u00a0\u00bb, cr\u00e9ant un s\u00e9isme qui va secouer l&rsquo;Italie toute enti\u00e8re\u2026 La Milano da bere, 45 secondi che hanno cambiato il cinema italiano LA MILANO DA BERE, 45 SECONDI CHE HANNO CAMBIATO IL CINEMA ITALIANO de Jean-Philippe GuigouLivre publi\u00e9 en Italie aux \u00e9ditions Profondo rosso Sinossi: A partire dall&rsquo;inizio degli anni Ottanta la citt\u00e0 di Milano, capitale della finanza e della moda in Italia, ha vissuto un decennio di particolare richezza e splendore. Si \u00e8 assistito allora all&rsquo;esplosione di una vera e propria \u00ab\u00a0dolce vita\u00a0\u00bb alla milanese da parte delle tante top model o aspiranti tali, degli yuppies rampanti e dei paninari scatenati, spigendo un famoso pubblicitario nel 1985 a ideare per l&rsquo;Amaro Ramazzotti lo spot televisivo \u00ab\u00a0Milano da bere\u00a0\u00bb. Diventato subito popolarissimo tra la gente, quello spot pubblicitario straordinariamente indovinato ha esercitato un enorme influsso anche sulla cinematografia popolare italiana che ha trasferito le ambientazioni di numerosi dei suoi film proprio a Milano, fino a che nel 1992 lo scandalo politico delle \u00ab\u00a0Mani Pulite\u00a0\u00bb ha posto fine a quella stagione clamarosa. Cozzilla, Il mondo di Luigi Cozzi COZZILLA, IL MONDO DI LUIGI COZZI participation \u00e0 l&rsquo;\u00e9criture de l&rsquo;ouvrage collectif sous la direction de Marco Chiani Livre publi\u00e9 en Italie aux \u00e9ditions Profondo rosso Participation aux c\u00f4t\u00e9s de Dario Argento, Caroline Munro, Lamberto Bava, Urbano Barberini, Antonio Tentori et bien d&rsquo;autres, \u00e0 l&rsquo;\u00e9criture de l&rsquo;ouvrage collectif de r\u00e9f\u00e9rence sur le cin\u00e9aste Luigi Cozzi sous la direction de Marco Chiani. Luigi Cozzi est le plus grand cin\u00e9aste italien de science-fiction. Son film Starcrash, le choc des \u00e9toiles est devenu un film culte dans le monde entier. Il a \u00e9galement tourn\u00e9 des films comme Contamination, Hercule, Les aventures d&rsquo;Hercule, Paganini Horror, Le chat noir qui ont ponctu\u00e9 une longue carri\u00e8re depuis son premier film, Le Tunnel sous le monde, un film exp\u00e9rimental, jusqu&rsquo;\u00e0 ses r\u00e9alisations les plus r\u00e9centes. Il a en effet r\u00e9cemment tourn\u00e9 plusieurs long-m\u00e9trages parmi lesquels on peut citer Roma fantastica (dont j&rsquo;ai \u00e9crit le sc\u00e9nario : voir la rubrique \u00ab\u00a0cin\u00e9ma\u00a0\u00bb) mais aussi Blood on M\u00e9li\u00e8s&rsquo; moon, I piccoli maghi di Oz et La battaglia di Roma. Il est aussi l\u2019auteur de tr\u00e8s nombreux livres sur le cin\u00e9ma.<\/p>\n","protected":false},"author":1,"featured_media":0,"parent":0,"menu_order":0,"comment_status":"closed","ping_status":"closed","template":"","meta":{"_uag_custom_page_level_css":"","footnotes":""},"class_list":["post-244","page","type-page","status-publish","hentry"],"uagb_featured_image_src":{"full":false,"thumbnail":false,"medium":false,"medium_large":false,"large":false,"1536x1536":false,"2048x2048":false,"ashe-slider-full-thumbnail":false,"ashe-full-thumbnail":false,"ashe-list-thumbnail":false,"ashe-grid-thumbnail":false,"ashe-single-navigation":false},"uagb_author_info":{"display_name":"Exp0Guig0U","author_link":"https:\/\/jeanphilippeguigou.com\/?author=1"},"uagb_comment_info":0,"uagb_excerpt":"Les Cin\u00e9astes de l&rsquo;Impossible LES CIN\u00c9ASTES DE L&rsquo;IMPOSSIBLE de Jean-Philippe GuigouLivre publi\u00e9 en France aux \u00e9ditions Filigranowa Synopsis : Certains cin\u00e9astes n&rsquo;h\u00e9sitent pas \u00e0 affronter tous les risques pour donner vie \u00e0 leurs films. Le cin\u00e9ma de montagne est sans doute le genre le plus expos\u00e9 aux dangers de toutes sortes. Lorsque des r\u00e9alisateurs partent\u2026","_links":{"self":[{"href":"https:\/\/jeanphilippeguigou.com\/index.php?rest_route=\/wp\/v2\/pages\/244","targetHints":{"allow":["GET"]}}],"collection":[{"href":"https:\/\/jeanphilippeguigou.com\/index.php?rest_route=\/wp\/v2\/pages"}],"about":[{"href":"https:\/\/jeanphilippeguigou.com\/index.php?rest_route=\/wp\/v2\/types\/page"}],"author":[{"embeddable":true,"href":"https:\/\/jeanphilippeguigou.com\/index.php?rest_route=\/wp\/v2\/users\/1"}],"replies":[{"embeddable":true,"href":"https:\/\/jeanphilippeguigou.com\/index.php?rest_route=%2Fwp%2Fv2%2Fcomments&post=244"}],"version-history":[{"count":166,"href":"https:\/\/jeanphilippeguigou.com\/index.php?rest_route=\/wp\/v2\/pages\/244\/revisions"}],"predecessor-version":[{"id":1463,"href":"https:\/\/jeanphilippeguigou.com\/index.php?rest_route=\/wp\/v2\/pages\/244\/revisions\/1463"}],"wp:attachment":[{"href":"https:\/\/jeanphilippeguigou.com\/index.php?rest_route=%2Fwp%2Fv2%2Fmedia&parent=244"}],"curies":[{"name":"wp","href":"https:\/\/api.w.org\/{rel}","templated":true}]}}